t derivative of -l**4/4 - 2*l - 5096. Let s = 8 + -4. Suppose -2*j + 5*d - 6 = 0, -s*j - 2*d - 1 = -13. Give m(j).
-10
Suppose -11 = -4*m + 1. Let f(j) be the second derivative of -5/12*j**4 - 1 - 37*j + 1/20*j**5 + 5/6*j**3 - 2*j**2. What is f(m)?
-7
Suppose -3 + 23 = 5*u. Suppose g - 20 = -0*g + u*j, 2*g - 1 = -5*j. Let q(o) = 1 + 8 + 2*o - g. Calculate q(4).
9
Let q(i) be the third derivative of i**5/60 - i**4/8 - 13*i**3/6 - 66*i**2. Give q(6).
5
Suppose -2*p - 97 = -111. Let u(h) be the second derivative of h**6/720 - h**5/20 - h**4/6 - 2*h. Let l(m) be the third derivative of u(m). Give l(p).
1
Suppose -5*t = -4*c + 5, 31 = 2*t - 22*c + 27*c. Let f(o) = -67 - t*o - 65 + 127 + o. Give f(-6).
7
Suppose 5*x - 5 = 0, 6*x - 9*x + 21 = 3*k. Let h(f) be the third derivative of 0*f - 1/6*f**3 - 7/60*f**5 + 1/120*f**k + 1/4*f**4 + 0 - 13*f**2. Determine h(6).
-1
Let n(c) = 40*c - 29*c - 40 - 18*c + 20 + 13 + 15. Let b be (0 - -6) + (0 - 0). Give n(b).
-34
Let i be (37 + 6 - 0)*2. Let v(u) = -3*u - 83 + 5*u - u + i. Suppose 0 = -3*r + 4*q - 27, 0 = -r + q + 4*q - 20. Give v(r).
-2
Let v(b) = b**3 + 7*b**2 - 9*b - 6. Let h be (-46)/(((-22)/(-55))/(2/(-10))). Let p(k) = k**3 - 24*k**2 + 20*k + 61. Let d be p(h). What is v(d)?
2
Let b = 86789/24 + -3616. Let u(i) be the third derivative of -b*i**4 + 18*i**2 - 1/120*i**6 + 5/6*i**3 + 0*i + 0 - 7/60*i**5. Determine u(-6).
-1
Let m(f) = -1 - 4*f**2 + 4*f - 4454*f**3 - 4*f + f + 4452*f**3. Suppose 0 = 5*y - 2 - 8. Suppose y*k + 5 = -1. Give m(k).
14
Let c(h) = -5*h - 18. Let m be c(0). Let q be (27/m)/(9/66). Let z(o) = o**3 + 11*o**2 - o - 6. Calculate z(q).
5
Let n(u) = 4*u + 20. Suppose 12*j - 112 = -35*j + 75*j. Give n(j).
4
Suppose 0 = -a - 0*a + 2. Let m(g) be the first derivative of g**4/4 - 4*g**3/3 + 3*g**2/2 - 2*g + 8782. Give m(a).
-4
Let b(z) = z**2 + 6*z - 1. Suppose 282*l - 50 = 277*l. Let f(v) = -1 + 2*v**2 - 7 - 20*v + 2. Let t be f(l). What is b(t)?
-1
Suppose 0 = 7*o - 0 + 91. Let u(w) = 12*w + 1. Let i(c) = -c**3 - 13*c**2 - 62*c - 21. Let g(b) = -i(b) - 5*u(b). Determine g(o).
-10
Suppose 20 = 16*t - 17*t - 3*j, -24 = 4*j. Let v(m) = m**3 + 2*m**2 - 2*m - 1. Give v(t).
3
Let s(a) = -35*a + 8*a + 3 - 2 + 16*a + 10*a. Let y = -25 + 31. Calculate s(y).
-5
Let f = -4535 + 4538. Let b(k) be the first derivative of -k**2 - 1/3*k**f - 5 - 2*k. What is b(-3)?
-5
Let o be (-1 + 1)/(-4 + 3). Let y(a) = a + 3. Let p be y(o). Let m(u) be the second derivative of -u**4/6 + 5*u**3/6 - 3*u**2/2 - 60*u + 11. Calculate m(p).
-6
Let c(o) be the second derivative of -1/3*o**3 + 2*o - 14 + 0*o**2 + 1/12*o**4. Determine c(2).
0
Suppose 0*j - 33 = 11*j. Let o(x) be the third derivative of -x**5/60 + 5*x**3 - 24*x**2. Let t(d) be the first derivative of o(d). Determine t(j).
6
Let z(u) = 10*u**3 - u**2 + 9*u + 10. Let n(r) = 3*r**3 + 3*r**2 + r. Let l(h) = 3*n(h) - z(h). Determine l(9).
17
Let s(t) = t**2 - 4*t - 1. Let d(q) = -q**3 - 14*q**2 + 50*q - 11. Let c be d(-17). Suppose 3*o + l - 11 = c*l, 3*o + 3*l - 3 = 0. What is s(o)?
-5
Let z be (-319)/(-99) - 2/9. Let s(o) = 2*o - 1 - z*o + 2 + 2*o. Let v = 21 - 21. What is s(v)?
1
Let m(r) = 157*r**3 - 9 - 479*r**3 + 159*r**3 + 11*r**2 + 6*r + 162*r**3 - 5*r**2. Let v(y) = y**3 - 1. Let n be v(2). What is m(n)?
-16
Suppose 5*b + 4 + 6 = 0. Let g(p) = 1003*p**2 + p**3 - 2008*p**2 + 1005*p**2. Determine g(b).
-8
Let y be (-6)/(-33) + 160/88. Suppose -5*x + 3*b + 264 = 0, b - 62 - 37 = -y*x. Let l = 46 - x. Let v(u) = 2*u**2 + 8*u + 7. Calculate v(l).
17
Suppose 9*q = 74 + 70. Let j be q/(-20)*105/(-14). Let k(g) = 4*g + 2. What is k(j)?
26
Let b(d) = -d**3 - 12*d**2 + 130*d - 54. Let n be b(-19). Let r(w) = 2*w**3 - 7*w + 4. What is r(n)?
37
Let b(h) = -3*h - 11. Let a be b(-3). Let p be (a/6)/(-3*(-3)/(-702)). Suppose -5*d - 2*z - 27 = 0, 3*d = 4*z - 11 - p. Let r(g) = -g**2 - 9*g - 5. Give r(d).
9
Let k(j) = 17*j**3 + 12*j + 8. Let d(m) = 48*m**3 + m**2 + 34*m + 23. Let h(r) = 6*d(r) - 17*k(r). Suppose 0*g + 12 = 2*g. Determine h(g).
2
Let n(j) = -5*j - 7. Let i(r) = 7*r + 4. Let t(m) = 2*i(m) + 3*n(m). Let l be t(-12). Let z(x) = -16*x**2 + x. What is z(l)?
-17
Let g(a) = -99*a - 136*a - 109*a - 94 + 263 + 357*a. Give g(-14).
-13
Let i(c) = -2*c**2 + 4*c + 1. Let u = -45 - -48. Suppose f + 27 = u*l, -f - 2*l = 27 - 0. Let s = -24 - f. Give i(s).
-5
Let b(h) = 45*h**3 + 8*h**2 + 5. Let g(i) = -15*i**3 - 3*i**2 - 2. Suppose 0 = -6*s - 209 + 257. Let f(y) = s*g(y) + 3*b(y). What is f(-1)?
-16
Let h(k) = 3*k - 2. Let j(i) = -322*i - 4835. Let u be j(-15). Determine h(u).
-17
Let w = -1166 - -1160. Let t(g) = 2*g**3 + 12*g**2 + 3*g + 22. Give t(w).
4
Suppose 0 = -h + 3 - 0. Suppose 0 = 7*d + h + 18. Let q be 1*((-3)/d)/1. Let r(n) = 9*n. Give r(q).
9
Suppose -305 = 13*r - 3*r - 375. Let j(o) = -2*o + 4*o - o**2 - o + 3*o + 9. Give j(r).
-12
Let g(q) = q - 3. Let d = -86 + 110. Suppose d = 74*p - 80*p. Calculate g(p).
-7
Let p(q) = q**3 - 46*q**2 + 89*q - 38. Let x be p(44). Suppose 16*j + x = 6. Let a(b) = b**3 - b**2 + b - 2. Calculate a(j).
-2
Let q = -43 + 48. Suppose 0 = d + 3, -q*l = -2*d + 4*d - 14. Suppose 4*t - 8 = 4*k, l*k + 0*k - t + 17 = 0. Let v(y) = -y**2 - 6*y - 7. Give v(k).
-2
Let a(q) = q**2 + 14*q + 1. Suppose 7*v - 19 = -110. Let x be a(v). Let b = x - -20. Let c(m) = -m**3 + 8*m**2 - m + 6. Calculate c(b).
-2
Let b(y) be the second derivative of -y**7/2520 + 11*y**5/120 - 41*y**4/6 + 206*y. Let i(q) be the third derivative of b(q). Calculate i(0).
11
Let j(v) be the third derivative of v**6/120 - 2*v**5/15 + v**4/4 + 5*v**3/6 + v**2. Suppose 0 = 2*i + 5*i - 7. Let q = 6 + i. Give j(q).
-2
Let k(q) = 10*q + 109. Let c be k(-12). Let r(f) = -3*f - 5. Let z(n) = -16*n - 26. Let m(d) = c*r(d) + 2*z(d). What is m(-5)?
-2
Let y(c) = -c**2 + 1. Let b be y(-3). Suppose d - 131 = -120. Let k(v) = -6*v**2 + d + 9*v**2 - 11*v**2 - v**3 + 0*v**3 + 2*v. What is k(b)?
-5
Let p = -758 + 501. Let x = p - -248. Let y(f) = -2*f - 10. What is y(x)?
8
Let y be (1 - -249) + (2 - (-8 - -12)). Suppose y*b = 249*b + 3. Let z(a) = -a**3 - 6*a**2 + 4*a. What is z(b)?
-39
Let t(u) = -2*u - 2*u - 10*u**2 + 5*u. Suppose -2*z = 5*h + 78, 0*h + 2*z = 5*h + 82. Let j be (h/88 + (-30)/(-44))*-2. Determine t(j).
-11
Let u(h) = 3127512*h - 799 - 1563759*h - 1563791*h. Determine u(-21).
-1
Let s(x) = 62*x + 445. Let d(r) = -21*r - 148. Let g(u) = -10*d(u) - 3*s(u). Give g(-6).
1
Suppose 515 = 91*f - 577. Let h(y) = -3*y**2 + 33*y + 30. Calculate h(f).
-6
Suppose d - 5*b + 17 = -0*b, 2*d + 5*b = -64. Let c = d + 32. Let t be (-7)/14*(c - -1). Let i(p) = 3*p**2 + 3*p. Determine i(t).
18
Suppose 24*n - 27*n - 54 = -5*i, 0 = n + i + 2. Let s(m) = -m**3 - 6*m**2 + 12*m - 13. Determine s(n).
19
Let g(m) = -903*m - 26 - 912*m - 4*m**2 + 1818*m. Give g(0).
-26
Let s(a) = -271*a + 2*a**2 + 3*a**2 - 27 + 291*a - 6*a**2. Calculate s(13).
64
Let s(r) = -2*r**3 + 13*r**2 - 7*r + 9. Let x be s(6). Let c(k) = k**3 - k - k**2 - 14 + 25 - 10 - 2*k. Determine c(x).
10
Let b be ((-1)/(3/33))/((-6)/42). Let v = 80 - b. Let y(f) = 2*f - 2. Let x(q) = -7*q + 8. Let p(n) = x(n) + 2*y(n). Determine p(v).
-5
Suppose -u = l - 8, 0*u + 35 = 4*u + 5*l. Let j(h) = 990*h - 4 + 41*h**2 - 984*h + h**3 - 47*h**2. What is j(u)?
1
Let n(h) = -h**3 + 10*h**2 - 7*h - 14. Let s be n(9). Suppose -8*t - 8 = -s*t. Let q(c) = c**2 + c - 1. Give q(t).
1
Let h(l) be the first derivative of -2*l**4/3 - 17*l**2/2 - 2*l + 20. Let z(b) be the second derivative of h(b). Calculate z(-1).
16
Let o = -4217 + 4220. Let n(x) = 2*x**3 - 3*x**2 - 9. Give n(o).
18
Let q(f) be the first derivative of f**4/4 + 14*f**3/3 - 8*f**2 + 25*f + 4050. Determine q(-15).
40
Let c(v) = 26*v - 296*v**2 + 8 + 78*v + 313*v**2. Determine c(-6).
-4
Suppose 24 = -35*x + 37*x + 3*l, -x + 4*l - 10 = 0. Let k(h) = -6*h + 43. Calculate k(x).
7
Let g = 12 + -4. Let o(x) = -x**3 + 0 + 14*x**2 + g*x + 2 - 6*x**2. Suppose 4*p - 2*i - 36 = -0*i, -5*p + 45 = 2*i. What is o(p)?
-7
Let x = 55 - 61. Let f = 130 + -125. Let j(a) = f*a**3 + 6*a**2 + 4 + a - 4*a**3 + 4. Calculate j(x).
2
Let f(y) = 2*y + 21391 - y**3 - 42781 + 21391. Give f(-1).
0
Let v be 7*26/1001*11. Let i(u) = 23 - 11 - 9 - 8*u. Give i(v).
-13
Let f = 546 + -570. Let q be -1 + (0 - f/4). Let